 is 13 - -13155120144?
13155120201
In base 4, what is -123231 - -1122012?
332121
In base 14, what is 7dd + -4607?
-3c08
In base 7, what is -1553320 - -45?
-1553242
In base 4, what is -21030 + 200100121?
200013031
In base 3, what is -11222121110200 + -2020?
-11222121112220
In base 11, what is 2 + 15641983?
15641985
In base 11, what is -589 - -60a780?
60a1a2
In base 13, what is 17 - -34733?
3474a
In base 11, what is 16078721 - 5?
16078717
In base 11, what is 2 - 1232796?
-1232794
In base 4, what is 3330121 + 203330?
10200111
In base 10, what is 1689 - -20824?
22513
In base 13, what is -57c + -6b40b?
-6b98a
In base 10, what is -7 - -2198758?
2198751
In base 12, what is 4a + 375b9?
37647
In base 10, what is -6 - -48984691?
48984685
In base 9, what is -245435 + -130?
-245565
In base 11, what is 233 - 59971?
-59739
In base 2, what is 110111001011 - 10100101100001?
-1101110010110
In base 9, what is 4218 + 16210?
21428
In base 15, what is -32d0 - 388?
-3668
In base 3, what is -11222010011 + -22002?
-11222102020
In base 10, what is 58801 - 2?
58799
In base 4, what is -10303020 + -20313?
-10323333
In base 11, what is -117 - 704aa?
-70616
In base 11, what is 165712 + -55?
165668
In base 13, what is -3a25 - 122?
-3b47
In base 10, what is 8150 + -1333?
6817
In base 12, what is 53 + 11b77b?
11b812
In base 12, what is -21 - -25457?
25436
In base 13, what is -5 - -193b48c?
193b487
In base 3, what is -12 + -211120221100?
-211120221112
In base 9, what is 30 + 15057227?
15057257
In base 14, what is -cc02b4 + -6?
-cc02ba
In base 15, what is 1ba0e7 - -9?
1ba101
In base 8, what is 10771 - 4430?
4341
In base 11, what is -194186 - -28?
-194159
In base 16, what is -5 - 83af2?
-83af7
In base 14, what is 6 - -11dab223?
11dab229
In base 13, what is 1b + 54123?
54141
In base 5, what is -24412220 + 1330?
-24410340
In base 7, what is -126100 + 6304?
-116463
In base 5, what is -32 - -124322443040?
124322443003
In base 8, what is -7 - 50520661?
-50520670
In base 9, what is -10715851 + -15?
-10715866
In base 16, what is -434c - -7d8?
-3b74
In base 11, what is 12626865 + -5?
12626860
In base 4, what is 2 - -12101121332?
12101122000
In base 8, what is -12357326 + -24?
-12357352
In base 12, what is 6718 - 416?
6302
In base 11, what is 60731 - -5385?
66006
In base 13, what is -5 - 300287?
-30028c
In base 6, what is 2441204 - -2323?
2443531
In base 11, what is 114 + 641549?
641662
In base 14, what is 5d11 - 54b?
57a4
In base 8, what is -5151500 + -3?
-5151503
In base 10, what is 2 - -6230314?
6230316
In base 14, what is -70c + 4dd27?
4d619
In base 3, what is -20211 + 11002200010110?
11002122212122
In base 13, what is -2ca1500 + -4?
-2ca1504
In base 9, what is -354544385 - -3?
-354544382
In base 5, what is 30 - -310112300?
310112330
In base 5, what is 2412 + -33400?
-30433
In base 8, what is -33 + 516161?
516126
In base 10, what is 21 - 2989065?
-2989044
In base 6, what is 3124043143 - 0?
3124043143
In base 6, what is 3155530 - 32?
3155454
In base 15, what is 20ca1 - -19?
20cba
In base 4, what is 10 + -10120212230?
-10120212220
In base 9, what is -56 + -3122134?
-3122201
In base 13, what is 1 + -10b48a95?
-10b48a94
In base 10, what is 10254 + 14294?
24548
In base 8, what is -43707437 + -5?
-43707444
In base 12, what is -8a897 - -3?
-8a894
In base 16, what is -47 - -4baf6?
4baaf
In base 2, what is 101101101000001011100100 + -1001?
101101101000001011011011
In base 2, what is 110011110 - 1001001111101011?
-1001001001001101
In base 3, what is -1120100020010120 - 0?
-1120100020010120
In base 15, what is -1508d53 + 3?
-1508d50
In base 13, what is -c0 + 1694863?
1694773
In base 15, what is -10627 + 19e?
-10478
In base 15, what is 101880a + -2c?
10187cd
In base 7, what is -3 + -366203?
-366206
In base 6, what is 1342 - -1334331?
1340113
In base 12, what is 8a287 - 36?
8a251
In base 14, what is 422217 - 4?
422213
In base 13, what is -a2ab4086 + 5?
-a2ab4081
In base 9, what is -26 + -18541705?
-18541732
In base 10, what is -94 + 5007?
4913
In base 13, what is -220b5 + -51b?
-22603
In base 9, what is 541 + 4462?
5113
In base 12, what is 15 - 3b835?
-3b820
In base 2, what is 110101111110111101011 - 10110011?
110101111110100111000
In base 7, what is -410012 - -4034?
-402645
In base 6, what is -1121545 + -550?
-1122535
In base 10, what is 811 + 50305?
51116
In base 3, what is -11 - 111110201210111?
-111110201210122
In base 11, what is -1 - -419711?
419710
In base 3, what is 1211200010001 - -1012?
1211200011020
In base 15, what is -14a2cae - 6?
-14a2cb5
In base 7, what is 1412 + -25533?
-24121
In base 4, what is -1031032 - 12002?
-1103100
In base 3, what is 200011202002222 - 0?
200011202002222
In base 11, what is 410135 + -593?
40a652
In base 9, what is -140647 + -117?
-140765
In base 5, what is -10013110 - 422?
-10014032
In base 11, what is 5 - -2042431?
2042436
In base 16, what is e2 - -1cb6b?
1cc4d
In base 3, what is -21 + -12122000112002100?
-12122000112002121
In base 9, what is -305458 + 3044?
-302414
In base 16, what is -4 - 14fc10?
-14fc14
In base 9, what is -3 + 3256640?
3256636
In base 15, what is 1048 + -2be1e?
-2adc6
In base 10, what is -33 - -33495?
33462
In base 13, what is 5b62c + -89?
5b573
In base 4, what is 301 + -101101212?
-101100311
In base 12, what is 3163b6 - -9?
316403
In base 9, what is 256113 - -1005?
257118
In base 11, what is 100 - 1037395?
-1037295
In base 8, what is -173 + -1303352?
-1303545
In base 12, what is 79418b - 21?
79416a
In base 3, what is -1 - 202022111222?
-202022112000
In base 8, what is 61175 - 3075?
56100
In base 4, what is -213203302 + -21100?
-213231002
In base 14, what is -2db31 - -89?
-2da86
In base 10, what is 5 - -2782075?
2782080
In base 9, what is -14 + -15514384?
-15514408
In base 15, what is -7 + -32c3aa4?
-32c3aab
In base 12, what is 1030 - -3477?
44a7
In base 14, what is 33da97 + -5?
33da92
In base 6, what is 40342 - 125345?
-45003
In base 5, what is -2304300320 + 3?
-2304300312
In base 2, what is -11111001000011 - 111111000011?
-100111000000110
In base 15, what is 21951d1 - 0?
21951d1
In base 9, what is -65107745 - -3?
-65107742
In base 12, what is -188b5761 + 5?
-188b5758
In base 7, what is -1410 - 5304163?
-5305603
In base 15, what is -47bb8 + -9ad?
-48676
In base 5, what is -10 + -121303000120?
-121303000130
In base 2, what is -11010010101011000 + -1011101010?
-11010100001000010
In base 2, what is 1110001 - 11001111010101?
-11001101100100
In base 7, what is 3 - 141554251?
-141554245
In base 7, what is 5623 + -30?
5563
In base 14, what is -191 - -373b48?
373997
In base 8, what is 44357 - 141?
44216
In base 14, what is -17b + c00?
a63
In base 10, what is -1885158 + -16?
-1885174
In base 4, what is 0 + -1011003000210?
-1011003000210
In base 12, what is -6121041 + 0?
-6121041
In base 12, what is 74a6 + -681?
6a25
In base 14, what is -a00 - -10080?
d480
In base 6, what is -5010 + 50040?
41030
In base 11, what is -2 + 10a824?
10a822
In base 9, what is -6225844 - 2?
-6225846
In base 2, what is -1111011011101011111011101011 - 11?
-1111011011101011111011101110
In base 10, what is -1737302 + -15?
-1737317
In base 9, what is 111653203 - -3?
111653206
In base 7, what is 124 - -42256022?
42256146
In base 15, what is 1a - 1255e?
-12544
In base 16, what is 4dc - e837?
-e35b
In base 4, what is 2100130 - 20310310?
-12210120
In base 14, what is -5 - -22cd4ca?
22cd4c5
In base 16, what is 22 + 377e?
37a0
In base 15, what is -2 + -5a2b2d?
-5a2b30
In base 2, what is -11011010110010001 + 10000101?
-11011010100001100
In base 4, what is 323203033121 + 0?
323203033121
In base 15, what is eb - c27d5?
-c26d9
In base 10, what is -38 - -133955?
133917
In base 10, what is -4 - -1704530?
1704526
In base 4, what is 102 + -10111223220?
-10111223112
In base 5, what is -14 + 13000211314?
13000211300
In base 7, what is 124201212 + 3?
124201215
In base 10, what is 2090 + 28909?
30999
In base 15, what is -1206a - -19e?
-11dbb
In base 5, what is 311114333 + -23?
311114310
In base 11, what is -203 + 1102451?
1102249
In base 11, what is 9 + 325755?
325763
In base 6, what is 3 - 42302012?
-42302005
In base 6, what is -10213 - -2410?
-3403
In base 12, what is -9 - -4470a?
44701
In base 9, what is -4 - -588716?
588712
In base 3, what is 120201211 + -20101?
120111110
In base 4, 